f 9264750 and 11.
11
What is the highest common factor of 1001 and 2549899?
11
What is the greatest common factor of 289980 and 45160?
20
What is the greatest common divisor of 17094 and 10960880?
518
What is the highest common factor of 5262910 and 70?
10
Calculate the greatest common factor of 57324 and 23052.
204
Calculate the greatest common divisor of 966 and 307996542.
966
What is the greatest common factor of 25 and 951390175?
25
Calculate the highest common factor of 9211 and 34277.
151
Calculate the highest common factor of 112170937 and 10484.
2621
What is the highest common factor of 50406 and 9799902?
1626
Calculate the highest common factor of 990 and 299332770.
330
What is the highest common divisor of 11961 and 3022731?
27
What is the highest common factor of 300 and 672225?
75
Calculate the highest common divisor of 73946862 and 306.
18
What is the highest common factor of 6294 and 6160777?
1049
What is the highest common factor of 21 and 6522222?
21
Calculate the highest common factor of 160657 and 793171.
389
Calculate the highest common factor of 105 and 95952815.
35
Calculate the greatest common divisor of 199948 and 8878.
386
Calculate the greatest common factor of 3151 and 41860.
23
What is the highest common divisor of 3401 and 26771?
19
Calculate the highest common factor of 1122 and 47068461.
561
Calculate the highest common divisor of 390076 and 347789.
863
What is the highest common divisor of 12420 and 434883195?
3105
Calculate the greatest common divisor of 23745 and 477615.
15
Calculate the highest common factor of 3120 and 33689136.
624
Calculate the highest common factor of 85471 and 15240.
127
What is the highest common divisor of 661473 and 387?
9
Calculate the highest common factor of 80552808 and 7084.
644
Calculate the greatest common divisor of 21315272 and 473.
473
Calculate the greatest common factor of 1752156 and 34.
34
What is the greatest common factor of 9485 and 12670?
35
Calculate the highest common factor of 2916 and 67080.
12
Calculate the greatest common divisor of 2320045 and 3640.
455
What is the highest common factor of 6194 and 122712431?
3097
What is the highest common divisor of 5402133 and 86?
43
Calculate the greatest common factor of 15705591 and 2640.
33
Calculate the greatest common divisor of 342 and 4469142.
114
Calculate the highest common factor of 4107856 and 133152.
1168
What is the highest common divisor of 457 and 8249?
1
What is the highest common divisor of 12 and 4906554420?
12
What is the greatest common factor of 37812 and 27072?
12
What is the greatest common divisor of 32200571 and 13?
13
Calculate the greatest common factor of 2553481 and 111.
37
What is the greatest common factor of 5507112 and 1950?
78
What is the highest common divisor of 8432855 and 10?
5
What is the greatest common factor of 1208 and 50234076?
604
Calculate the greatest common divisor of 12365544 and 1056.
24
What is the greatest common divisor of 61388778 and 1746?
582
Calculate the greatest common divisor of 95013 and 2631039.
1173
What is the highest common divisor of 1227 and 4964033?
409
Calculate the greatest common divisor of 17197859 and 851.
851
What is the greatest common factor of 13 and 30581291?
13
What is the highest common divisor of 2689887 and 369?
123
Calculate the greatest common factor of 538657 and 10.
1
What is the highest common factor of 7819832 and 424?
424
What is the greatest common factor of 58949 and 763774?
2563
What is the greatest common divisor of 9 and 434220093?
9
What is the greatest common divisor of 456852 and 1650?
66
Calculate the highest common factor of 5669783 and 74501.
2569
What is the highest common divisor of 1120 and 2934720?
160
What is the greatest common factor of 13079644 and 1364?
124
What is the highest common divisor of 55 and 19543227?
11
What is the highest common divisor of 16562 and 184583?
49
What is the greatest common factor of 10723064 and 1144?
88
Calculate the highest common divisor of 1 and 997977.
1
What is the highest common divisor of 114 and 13805894?
38
Calculate the highest common divisor of 16195928 and 84.
28
What is the highest common divisor of 124534 and 3181756?
1754
Calculate the highest common factor of 6796845 and 6965.
995
What is the highest common divisor of 43587917 and 674?
337
What is the highest common divisor of 94702958 and 1799?
1799
Calculate the greatest common divisor of 416 and 5683756.
52
Calculate the greatest common factor of 57246618 and 198.
66
What is the greatest common factor of 42825649 and 824?
103
Calculate the greatest common factor of 840 and 11856090.
30
Calculate the highest common factor of 3938670 and 2247.
321
Calculate the highest common factor of 14422976 and 4640.
928
What is the greatest common factor of 37 and 135033905?
37
What is the highest common divisor of 3055 and 237585?
235
Calculate the greatest common factor of 8880 and 116950.
10
Calculate the highest common divisor of 10080 and 1544445.
315
What is the greatest common divisor of 8804 and 201356?
284
Calculate the greatest common divisor of 1178 and 655386.
38
What is the greatest common divisor of 139821 and 11001?
57
What is the highest common divisor of 4109270 and 19855?
55
Calculate the greatest common divisor of 976 and 19075432.
488
What is the greatest common factor of 21538 and 660418?
242
Calculate the greatest common factor of 1086 and 10400079.
543
Calculate the highest common factor of 288 and 4091168.
32
Calculate the greatest common factor of 2918 and 145471054.
2918
Calculate the highest common factor of 10123848 and 48.
24
What is the highest common divisor of 308765 and 24161?
37
Calculate the greatest common factor of 3072 and 92656.
16
What is the highest common factor of 238703437 and 6244?
1561
What is the greatest common factor of 3456 and 26898696?
216
What is the highest common divisor of 32456164 and 74048?
4628
Calculate the highest common divisor of 1665971 and 2653073.
1891
Calculate the greatest common divisor of 1178 and 38995334.
1178
Calculate the highest common factor of 5343 and 49580349.
39
Calculate the highest common divisor of 342 and 84960126.
18
What is the greatest common divisor of 11 and 40503130?
1
What is the highest common factor of 47025050 and 10?
10
Calculate the greatest common divisor of 8967156 and 396.
132
Calculate the highest common divisor of 7914886 and 15498.
574
What is the highest common divisor of 1258578 and 76950?
162
What is the highest common factor of 71214584 and 1064?
1064
What is the highest common divisor of 34333 and 1742091?
247
What is the highest common factor of 4197209 and 543?
181
What is the greatest common factor of 13302706 and 1688?
422
Calculate the greatest common factor of 27375 and 4917645.
1095
Calculate the greatest common factor of 14663016 and 3.
3
What is the greatest common divisor of 70528 and 179094?
38
Calculate the greatest common divisor of 22309441 and 77.
77
Calculate the highest common factor of 114426 and 44304.
78
Calculate the highest common divisor of 729960 and 27940.
220
Calculate the highest common divisor of 247 and 119130.
19
What is the highest common divisor of 138 and 2627451?
69
Calculate the greatest common factor of 56 and 10117156.
28
Calculate the highest common factor of 9355360 and 960.
160
What is the greatest common divisor of 1329809 and 377?
13
What is the greatest common divisor of 349106 and 2698?
38
What is the greatest common divisor of 122049845 and 16395?
5465
What is the highest common factor of 4832 and 74656?
32
What is the greatest common divisor of 27 and 50967090?
27
What is the highest common divisor of 36131145 and 830?
415
What is the greatest common divisor of 79689177 and 1458?
729
What is the greatest common divisor of 83346 and 10004394?
2874
Calculate the greatest common divisor of 98150 and 45825.
325
What is the greatest common factor of 32534622 and 18?
18
What is the highest common factor of 23909089 and 2924?
17
What is the greatest common factor of 231281 and 11152?
41
What is the greatest common factor of 1143 and 91143?
9
What is the highest common factor of 1661100936 and 528?
264
Calculate the highest common divisor of 363 and 870661.
11
Calculate the highest commo